
{"id":399,"date":"2020-10-30T15:06:21","date_gmt":"2020-10-30T14:06:21","guid":{"rendered":"https:\/\/przedszkole107.edu.wroclaw.pl\/?page_id=399"},"modified":"2022-04-05T23:53:38","modified_gmt":"2022-04-05T21:53:38","slug":"rodo","status":"publish","type":"page","link":"https:\/\/przedszkole107.edu.wroclaw.pl\/index.php\/strona-glowna\/rodo\/","title":{"rendered":"RODO"},"content":{"rendered":"<div class=\"wpb-content-wrapper\"><p>[vc_row][vc_column][vc_column_text]<\/p>\n<p style=\"text-align: center;\"><span style=\"font-size: 14pt;\"><strong>ZASADY PRZETWARZANIA DANYCH OSOBOWYCH <\/strong><\/span><\/p>\n<p style=\"text-align: center;\"><span style=\"font-size: 14pt;\"><strong>w\u00a0\u00a0Przedszkolu nr 107 \u201eS\u0142oneczko\u201d,<\/strong><\/span><\/p>\n<p style=\"text-align: center;\"><span style=\"font-size: 14pt;\"><strong> ul. W. Stysia 71, 53-529 Wroc\u0142aw<\/strong><\/span><\/p>\n<p>&nbsp;<\/p>\n<p><a href=\"https:\/\/przedszkole107.edu.wroclaw.pl\/wp-content\/uploads\/sites\/46\/2022\/04\/2022_klauzula-Stopka-mailowa.pdf\">2022_klauzula Stopka mailowa<\/a><\/p>\n<p><a href=\"https:\/\/przedszkole107.edu.wroclaw.pl\/wp-content\/uploads\/sites\/46\/2022\/04\/Zal.-7.-Klauzula-zlozenie-pisma-w-placowce.pdf\">Za\u0142. 7. Klauzula &#8211; z\u0142o\u017cenie pisma w plac\u00f3wce<\/a><\/p>\n<p><a href=\"https:\/\/przedszkole107.edu.wroclaw.pl\/wp-content\/uploads\/sites\/46\/2022\/04\/Zal.-7b.-Klauzula-postepowanie-administracyjne.pdf\">Za\u0142. 7b. Klauzula post\u0119powanie administracyjne<\/a><\/p>\n<p><a href=\"https:\/\/przedszkole107.edu.wroclaw.pl\/wp-content\/uploads\/sites\/46\/2022\/04\/Zal.-7c.-Klauzula-korespondencja-elektroniczna.pdf\">Za\u0142. 7c. Klauzula &#8211; korespondencja elektroniczna<\/a><\/p>\n<p><a href=\"https:\/\/przedszkole107.edu.wroclaw.pl\/wp-content\/uploads\/sites\/46\/2022\/04\/Zal.-7ea.-Klauzula-strona-www-edu-wroclaw.pdf\">Za\u0142. 7ea. Klauzula &#8211; strona www edu wroc\u0142aw<\/a><\/p>\n<p><a href=\"https:\/\/przedszkole107.edu.wroclaw.pl\/wp-content\/uploads\/sites\/46\/2022\/04\/Zal.-7f.-Klauzula-umowa.pdf\">Za\u0142. 7f. Klauzula &#8211; umowa<\/a><\/p>\n<p><a href=\"https:\/\/przedszkole107.edu.wroclaw.pl\/wp-content\/uploads\/sites\/46\/2022\/04\/Zal.-7g.-Klauzula-zamowienia-publiczne.pdf\">Za\u0142. 7g. Klauzula &#8211; zam\u00f3wienia publiczne<\/a><\/p>\n<p><a href=\"https:\/\/przedszkole107.edu.wroclaw.pl\/wp-content\/uploads\/sites\/46\/2022\/04\/Zal.-7h.-Klauzula-umowa-najmu.pdf\">Za\u0142. 7h. Klauzula &#8211; umowa najmu<\/a><\/p>\n<p><a href=\"https:\/\/przedszkole107.edu.wroclaw.pl\/wp-content\/uploads\/sites\/46\/2022\/04\/Zal.-7j.-Kauzula-wolontariusz.pdf\">Za\u0142. 7j. Kauzula &#8211; wolontariusz<\/a><\/p>\n<p><a href=\"https:\/\/przedszkole107.edu.wroclaw.pl\/wp-content\/uploads\/sites\/46\/2022\/04\/Zal.-7k.-Klauzula-rekrutacja-pracownika.pdf\">Za\u0142. 7k. Klauzula &#8211; rekrutacja pracownika<\/a><\/p>\n<p><a href=\"https:\/\/przedszkole107.edu.wroclaw.pl\/wp-content\/uploads\/sites\/46\/2022\/04\/Zal.-7l.-Klauzula-pracownik-nauczyciel.pdf\">Za\u0142. 7l. Klauzula &#8211; pracownik &#8211; nauczyciel<\/a><\/p>\n<p><a href=\"https:\/\/przedszkole107.edu.wroclaw.pl\/wp-content\/uploads\/sites\/46\/2022\/04\/Zal.-7m.-Klauzula-pracownik-samorzadowy.pdf\">Za\u0142. 7m. Klauzula &#8211; pracownik samorz\u0105dowy<\/a><\/p>\n<p><a href=\"https:\/\/przedszkole107.edu.wroclaw.pl\/wp-content\/uploads\/sites\/46\/2022\/04\/Zal.-7n.-Klauzula-edukacja-dziecka-w-placowce.pdf\">Za\u0142. 7n. Klauzula &#8211; edukacja dziecka w plac\u00f3wce<\/a><\/p>\n<p><a href=\"https:\/\/przedszkole107.edu.wroclaw.pl\/wp-content\/uploads\/sites\/46\/2022\/04\/Zal.-7p.-Klauzula-opiekun-wycieczki.pdf\">Za\u0142. 7p. Klauzula &#8211; opiekun wycieczki<\/a><\/p>\n<p><a href=\"https:\/\/przedszkole107.edu.wroclaw.pl\/wp-content\/uploads\/sites\/46\/2022\/04\/Zal.-7r.-Klauzula-przyjecie-dziecka-w-ramach-dyzuru-wakacyjnego.pdf\">Za\u0142. 7r. Klauzula &#8211; przyj\u0119cie dziecka w ramach dy\u017curu wakacyjnego<\/a><\/p>\n<p><a href=\"https:\/\/przedszkole107.edu.wroclaw.pl\/wp-content\/uploads\/sites\/46\/2022\/04\/Zal.-7s-Klauzula-praca-spolecznie-uzyteczna.pdf\">Za\u0142. 7s Klauzula &#8211; praca spo\u0142ecznie u\u017cyteczna<\/a><\/p>\n<p><a href=\"https:\/\/przedszkole107.edu.wroclaw.pl\/wp-content\/uploads\/sites\/46\/2022\/04\/Zal.-7t.-Klauzula-ZFSS.pdf\">Za\u0142. 7t. Klauzula ZF\u015aS<\/a><\/p>\n<p><a href=\"https:\/\/przedszkole107.edu.wroclaw.pl\/wp-content\/uploads\/sites\/46\/2022\/04\/Zal.-7u.-Klauzula-praktykanci.pdf\">Za\u0142. 7u. Klauzula praktykanci<\/a><\/p>\n<p><a href=\"https:\/\/przedszkole107.edu.wroclaw.pl\/wp-content\/uploads\/sites\/46\/2022\/04\/Zal.-7w.-Klauzula-Fundusz-Zdrowotny.pdf\">Za\u0142. 7w. Klauzula &#8211; Fundusz Zdrowotny<\/a><\/p>\n<p><a href=\"https:\/\/przedszkole107.edu.wroclaw.pl\/wp-content\/uploads\/sites\/46\/2022\/04\/Zal.-7x.-Klauzula-dla-osob-upowaznionych-do-odbioru-dziecka-z-przedszkola.pdf\">Za\u0142. 7x. Klauzula &#8211; dla os\u00f3b upowa\u017cnionych do odbioru dziecka z przedszkola<\/a>[\/vc_column_text][\/vc_column][\/vc_row]<\/p>\n<\/div>","protected":false},"excerpt":{"rendered":"<p>[vc_row][vc_column][vc_column_text] ZASADY PRZETWARZANIA DANYCH OSOBOWYCH w\u00a0\u00a0Przedszkolu nr 107 \u201eS\u0142oneczko\u201d, ul. W. Stysia 71, 53-529 Wroc\u0142aw &nbsp; 2022_klauzula Stopka mailowa Za\u0142. 7. Klauzula &#8211; z\u0142o\u017cenie pisma w plac\u00f3wce Za\u0142. 7b. Klauzula [&hellip;]<\/p>\n","protected":false},"author":72,"featured_media":0,"parent":17,"menu_order":0,"comment_status":"closed","ping_status":"closed","template":"","meta":{"ngg_post_thumbnail":0,"footnotes":""},"class_list":["post-399","page","type-page","status-publish","hentry","clearfix"],"_links":{"self":[{"href":"https:\/\/przedszkole107.edu.wroclaw.pl\/index.php\/wp-json\/wp\/v2\/pages\/399","targetHints":{"allow":["GET"]}}],"collection":[{"href":"https:\/\/przedszkole107.edu.wroclaw.pl\/index.php\/wp-json\/wp\/v2\/pages"}],"about":[{"href":"https:\/\/przedszkole107.edu.wroclaw.pl\/index.php\/wp-json\/wp\/v2\/types\/page"}],"author":[{"embeddable":true,"href":"https:\/\/przedszkole107.edu.wroclaw.pl\/index.php\/wp-json\/wp\/v2\/users\/72"}],"replies":[{"embeddable":true,"href":"https:\/\/przedszkole107.edu.wroclaw.pl\/index.php\/wp-json\/wp\/v2\/comments?post=399"}],"version-history":[{"count":5,"href":"https:\/\/przedszkole107.edu.wroclaw.pl\/index.php\/wp-json\/wp\/v2\/pages\/399\/revisions"}],"predecessor-version":[{"id":598,"href":"https:\/\/przedszkole107.edu.wroclaw.pl\/index.php\/wp-json\/wp\/v2\/pages\/399\/revisions\/598"}],"up":[{"embeddable":true,"href":"https:\/\/przedszkole107.edu.wroclaw.pl\/index.php\/wp-json\/wp\/v2\/pages\/17"}],"wp:attachment":[{"href":"https:\/\/przedszkole107.edu.wroclaw.pl\/index.php\/wp-json\/wp\/v2\/media?parent=399"}],"curies":[{"name":"wp","href":"https:\/\/api.w.org\/{rel}","templated":true}]}}