
{"id":379,"date":"2020-10-30T14:23:52","date_gmt":"2020-10-30T13:23:52","guid":{"rendered":"https:\/\/przedszkole107.edu.wroclaw.pl\/?page_id=379"},"modified":"2025-08-30T21:49:23","modified_gmt":"2025-08-30T19:49:23","slug":"zajecia-dodatkowe","status":"publish","type":"page","link":"https:\/\/przedszkole107.edu.wroclaw.pl\/index.php\/strona-glowna\/zajecia-dodatkowe\/","title":{"rendered":"Zaj\u0119cia dodatkowe"},"content":{"rendered":"<div class=\"wpb-content-wrapper\"><p>[vc_row][vc_column][vc_column_text css=&#8221;&#8221;]<\/p>\n<div class=\"entry-header\">\n<h1 class=\"entry-title\">Zaj\u0119cia dodatkowe<\/h1>\n<\/div>\n<div class=\"entry-content\">\n<table border=\"1\" width=\"650\">\n<tbody>\n<tr>\n<td><strong>Poniedzia\u0142ek<\/strong><\/td>\n<td><strong>Wtorek<\/strong><\/td>\n<td><strong>\u015aroda<\/strong><\/td>\n<td><strong>Czwartek<\/strong><\/td>\n<td><strong>Pi\u0105tek<\/strong><\/td>\n<\/tr>\n<tr>\n<td><\/td>\n<td><\/td>\n<td><\/td>\n<td><\/td>\n<td><\/td>\n<\/tr>\n<tr>\n<td><\/td>\n<td><\/td>\n<td><\/td>\n<td><\/td>\n<td><\/td>\n<\/tr>\n<\/tbody>\n<\/table>\n<p>W tym roku na zaj\u0119cia\u00a0<strong>Mali Wspaniali<\/strong>\u00a0 rodzice zapisuj\u0105 dzieci (kt\u00f3re nie by\u0142y zapisane w zesz\u0142ym roku) przez Internet za pomoc\u0105 otrzymanego z przedszkola kodu (dziecko dostanie ulotk\u0119 z indywidualnym kodem). Zapisanie dziecka jest r\u00f3wnoznaczne ze zgod\u0105 na zaj\u0119cia. Dzieci zapisane w zesz\u0142ym roku kontynuuj\u0105\u00a0 udzia\u0142 w zaj\u0119ciach.<\/p>\n<h3 class=\"x_MsoNormal\">Serdecznie zapraszamy r\u00f3wnie\u017c na zaj\u0119cia dodatkowo\u00a0p\u0142atne, kt\u00f3re b\u0119d\u0105 odbywa\u0107 si\u0119 w godzinach popo\u0142udniowych:<\/h3>\n<p>Bardzo prosimy zapisywa\u0107 si\u0119 bezpo\u015brednio na podane adresy lub telefonicznie\u00a0<strong>oraz<\/strong>\u00a0na listy wywieszone w przedszkolu!<\/p>\n<h3>Wi\u0119cej informacji i kontakt na plakatach i ulotkach<\/h3>\n<\/div>\n<p>[\/vc_column_text][\/vc_column][\/vc_row]<\/p>\n<\/div>","protected":false},"excerpt":{"rendered":"<p>[vc_row][vc_column][vc_column_text css=&#8221;&#8221;] Zaj\u0119cia dodatkowe Poniedzia\u0142ek Wtorek \u015aroda Czwartek Pi\u0105tek W tym roku na zaj\u0119cia\u00a0Mali Wspaniali\u00a0 rodzice zapisuj\u0105 dzieci (kt\u00f3re nie by\u0142y zapisane w zesz\u0142ym roku) przez Internet za pomoc\u0105 otrzymanego [&hellip;]<\/p>\n","protected":false},"author":72,"featured_media":0,"parent":17,"menu_order":0,"comment_status":"closed","ping_status":"closed","template":"","meta":{"ngg_post_thumbnail":0,"footnotes":""},"class_list":["post-379","page","type-page","status-publish","hentry","clearfix"],"_links":{"self":[{"href":"https:\/\/przedszkole107.edu.wroclaw.pl\/index.php\/wp-json\/wp\/v2\/pages\/379","targetHints":{"allow":["GET"]}}],"collection":[{"href":"https:\/\/przedszkole107.edu.wroclaw.pl\/index.php\/wp-json\/wp\/v2\/pages"}],"about":[{"href":"https:\/\/przedszkole107.edu.wroclaw.pl\/index.php\/wp-json\/wp\/v2\/types\/page"}],"author":[{"embeddable":true,"href":"https:\/\/przedszkole107.edu.wroclaw.pl\/index.php\/wp-json\/wp\/v2\/users\/72"}],"replies":[{"embeddable":true,"href":"https:\/\/przedszkole107.edu.wroclaw.pl\/index.php\/wp-json\/wp\/v2\/comments?post=379"}],"version-history":[{"count":21,"href":"https:\/\/przedszkole107.edu.wroclaw.pl\/index.php\/wp-json\/wp\/v2\/pages\/379\/revisions"}],"predecessor-version":[{"id":673,"href":"https:\/\/przedszkole107.edu.wroclaw.pl\/index.php\/wp-json\/wp\/v2\/pages\/379\/revisions\/673"}],"up":[{"embeddable":true,"href":"https:\/\/przedszkole107.edu.wroclaw.pl\/index.php\/wp-json\/wp\/v2\/pages\/17"}],"wp:attachment":[{"href":"https:\/\/przedszkole107.edu.wroclaw.pl\/index.php\/wp-json\/wp\/v2\/media?parent=379"}],"curies":[{"name":"wp","href":"https:\/\/api.w.org\/{rel}","templated":true}]}}