
{"id":342,"date":"2020-10-30T13:37:24","date_gmt":"2020-10-30T12:37:24","guid":{"rendered":"https:\/\/przedszkole107.edu.wroclaw.pl\/?page_id=342"},"modified":"2025-08-30T22:23:32","modified_gmt":"2025-08-30T20:23:32","slug":"wytyczne-2024-2025","status":"publish","type":"page","link":"https:\/\/przedszkole107.edu.wroclaw.pl\/index.php\/aktualnosci\/wytyczne-2024-2025\/","title":{"rendered":"Wytyczne 2025\/2026"},"content":{"rendered":"<div class=\"wpb-content-wrapper\"><p>[vc_row][vc_column][vc_column_text css=&#8221;&#8221;]Wszystkie dzieci zapraszamy 1 wrze\u015bnia 2025 (PONIEDZIA\u0141EK)<\/p>\n<p>Bardzo prosimy zapozna\u0107 si\u0119 z poni\u017cszymi informacjami, u\u0142atwi to wszystkim sprawne rozpocz\u0119cie nowego roku szkolnego : )<\/p>\n<p>&nbsp;<\/p>\n<p><strong>Dokumenty do druku:<\/strong><\/p>\n<p>Nale\u017cy je przynie\u015b\u0107 podpisane pierwszego dnia przy przyprowadzeniu dziecka !<\/p>\n<p>Deklaracja:<\/p>\n<p><a href=\"https:\/\/przedszkole107.edu.wroclaw.pl\/wp-content\/uploads\/sites\/46\/2025\/08\/deklaracja-pobytu-w-przedszkolu-25-26-1.pdf\">deklaracja pobytu w przedszkolu 25-26 (1)<\/a><\/p>\n<p>Upowa\u017cnienie:<\/p>\n<p><a href=\"https:\/\/przedszkole107.edu.wroclaw.pl\/wp-content\/uploads\/sites\/46\/2025\/03\/Zal.-9.-Karta-do-odbioru-dziecka-z-przedszkola.pdf\">Za\u0142. 9. Karta do odbioru dziecka z przedszkola<\/a><\/p>\n<p><strong>Przydatne informacje:<\/strong><\/p>\n<h4>Co nale\u017cy przygotowa\u0107 dziecku do przedszkola:<\/h4>\n<ul>\n<li><strong>kapcie<\/strong> (podpisane, najlepiej na gumk\u0119 lub rzepy);<\/li>\n<li><strong>lu\u017ane spodenki lub sp\u00f3dnica na gumk\u0119, bluzeczki z rozci\u0105gliwymi dekoltami<\/strong> (aby mo\u017cna by\u0142o \u0142atwo zdj\u0105\u0107 i ubra\u0107 przez g\u0142ow\u0119);<\/li>\n<li><strong>ubieramy dziecko na &#8222;cebulk\u0119&#8221;<\/strong> tzn. koszulka z kr\u00f3tkim r\u0119kawkiem, bluzka z d\u0142ugim r\u0119kawem, bluza dresowa lub lekki sweterek, kurtka z suwakiem, kt\u00f3ry \u0142atwo si\u0119 zapina;<\/li>\n<li><strong>woreczek <\/strong>(podpisany) &#8211;<strong> \u00a0na rzeczy &#8222;awaryjne&#8221;, <\/strong>a w nim: majteczki (min.2-3 szt.), rajstopy lub getry, skarpetki, spodnie na zmian\u0119, podkoszulek (awarie to np. wylanie picia na siebie lub koleg\u0119 czy pochlapanie podczas mycia r\u0105k);<\/li>\n<li><strong>woreczek <\/strong>(podpisany)<strong> ze strojem gimnastycznym <\/strong>&#8211; koszulka, spodenki;<strong>\u00a0<\/strong><\/li>\n<\/ul>\n<p><span style=\"text-decoration: underline\">Dodatkowo<\/span> <strong><span style=\"color: #ff0000\">BIEDRONKI<\/span><\/strong>:<\/p>\n<ul>\n<li><strong>pi\u017camka<\/strong> podpisana imieniem i nazwiskiem;<\/li>\n<li><strong>poduszka &#8211; jasiek i cienka ko\u0142dra<\/strong> (140&#215;200 lub 160&#215;200) obleczone w dopasowane poszewki i podpisane;<\/li>\n<li><span style=\"color: #0000ff\"><strong>ukochana przytulanka<\/strong>, dzi\u0119ki kt\u00f3rej \u0142atwiej b\u0119dzie prze\u017cy\u0107 rozstanie z mam\u0105 lub tat\u0105;<\/span><\/li>\n<li><strong>opakowanie chusteczek mokrych;<\/strong><\/li>\n<li><strong>opakowanie mokrego papieru toaletowego;<\/strong><\/li>\n<li><strong><strong>du\u017ce pude\u0142ko chusteczek higienicznych,<\/strong><\/strong>Apel<a href=\"https:\/\/przedszkole107.edu.wroclaw.pl\/wp-content\/uploads\/sites\/46\/2025\/03\/27_07_Apel-do-rodzicow-nowoprzyjetych-dzieci-.pdf\">Apel do rodzic\u00f3w nowoprzyjetych dzieci<\/a><\/li>\n<\/ul>\n<p>[\/vc_column_text][\/vc_column][\/vc_row][vc_row][vc_column][vc_column_text][\/vc_column_text][\/vc_column][\/vc_row]<\/p>\n<\/div>","protected":false},"excerpt":{"rendered":"<p>[vc_row][vc_column][vc_column_text css=&#8221;&#8221;]Wszystkie dzieci zapraszamy 1 wrze\u015bnia 2025 (PONIEDZIA\u0141EK) Bardzo prosimy zapozna\u0107 si\u0119 z poni\u017cszymi informacjami, u\u0142atwi to wszystkim sprawne rozpocz\u0119cie nowego roku szkolnego : ) &nbsp; Dokumenty do druku: Nale\u017cy [&hellip;]<\/p>\n","protected":false},"author":72,"featured_media":0,"parent":54,"menu_order":0,"comment_status":"closed","ping_status":"closed","template":"","meta":{"ngg_post_thumbnail":0,"footnotes":""},"class_list":["post-342","page","type-page","status-publish","hentry","clearfix"],"_links":{"self":[{"href":"https:\/\/przedszkole107.edu.wroclaw.pl\/index.php\/wp-json\/wp\/v2\/pages\/342","targetHints":{"allow":["GET"]}}],"collection":[{"href":"https:\/\/przedszkole107.edu.wroclaw.pl\/index.php\/wp-json\/wp\/v2\/pages"}],"about":[{"href":"https:\/\/przedszkole107.edu.wroclaw.pl\/index.php\/wp-json\/wp\/v2\/types\/page"}],"author":[{"embeddable":true,"href":"https:\/\/przedszkole107.edu.wroclaw.pl\/index.php\/wp-json\/wp\/v2\/users\/72"}],"replies":[{"embeddable":true,"href":"https:\/\/przedszkole107.edu.wroclaw.pl\/index.php\/wp-json\/wp\/v2\/comments?post=342"}],"version-history":[{"count":23,"href":"https:\/\/przedszkole107.edu.wroclaw.pl\/index.php\/wp-json\/wp\/v2\/pages\/342\/revisions"}],"predecessor-version":[{"id":676,"href":"https:\/\/przedszkole107.edu.wroclaw.pl\/index.php\/wp-json\/wp\/v2\/pages\/342\/revisions\/676"}],"up":[{"embeddable":true,"href":"https:\/\/przedszkole107.edu.wroclaw.pl\/index.php\/wp-json\/wp\/v2\/pages\/54"}],"wp:attachment":[{"href":"https:\/\/przedszkole107.edu.wroclaw.pl\/index.php\/wp-json\/wp\/v2\/media?parent=342"}],"curies":[{"name":"wp","href":"https:\/\/api.w.org\/{rel}","templated":true}]}}