
{"id":230,"date":"2020-10-29T13:37:24","date_gmt":"2020-10-29T12:37:24","guid":{"rendered":"https:\/\/przedszkole107.edu.wroclaw.pl\/?page_id=230"},"modified":"2020-10-30T08:06:50","modified_gmt":"2020-10-30T07:06:50","slug":"zajecia-filmiki","status":"publish","type":"page","link":"https:\/\/przedszkole107.edu.wroclaw.pl\/index.php\/zajecia-filmiki\/","title":{"rendered":"Zaj\u0119cia (filmiki)"},"content":{"rendered":"<div class=\"wpb-content-wrapper\"><p>[vc_row][vc_column][vc_column_text]<\/p>\n<div><span style=\"font-size: 14pt;\">Witam wszystkich rodzic\u00f3w i dzieci z naszego przedszkola.<\/span><br \/>\n<span style=\"font-size: 14pt;\">Zach\u0119cam do wsp\u00f3lnych \u0107wicze\u0144 w domu.<\/span><br \/>\n<span style=\"font-size: 14pt;\">\u017bycz\u0119 przyjemnej zabawy<\/span><\/div>\n<div>&nbsp;<\/div>\n<div><span style=\"font-size: 14pt;\">logopeda \u2013 Ma\u0142gorzata \u0141uszczy\u0144ska<\/span><\/div>\n<p>&nbsp;[\/vc_column_text][vc_empty_space height=&#8221;10px&#8221;][\/vc_column][\/vc_row][vc_row][vc_column][vc_column_text]<span style=\"font-size: 14pt;\"><strong><span style=\"font-size: 18pt;\">25. <\/span><\/strong>G\u0142oska<b>&nbsp;l<\/b>&nbsp;\u2013 \u0107wiczenia logopedyczne dla wszystkich przedszkolak\u00f3w utrwalaj\u0105ce prawid\u0142ow\u0105 wymow\u0119 tej g\u0142oski w wyrazach i zdaniach. Dodatkowo dzieci pionizuj\u0105 sw\u00f3j j\u0119zyk odwzorowuj\u0105c figury geometryczne czubkiem j\u0119zyka na podniebieniu.<\/span>[\/vc_column_text][vc_video link=&#8221;https:\/\/www.youtube.com\/watch?v=GrleMky1eTw&amp;feature=youtu.be&#8221; el_width=&#8221;40&#8243; align=&#8221;center&#8221; title=&#8221;\u0106wiczenia logopedyczne \u2013 g\u0142oska l&#8221;][vc_empty_space height=&#8221;12px&#8221;][\/vc_column][\/vc_row][vc_row][vc_column][vc_column_text]<span style=\"font-size: 14pt;\"><strong><span style=\"font-size: 18pt;\">24. <\/span><\/strong>G\u0142oska \u015b \u2013 \u0107wiczenia logopedyczne przeznaczone dla m\u0142odszych przedszkolak\u00f3w (3-, 4-latk\u00f3w), podczas kt\u00f3rych dzieci b\u0119d\u0105 przygotowywa\u0107 sw\u00f3j narz\u0105d artykulacyjny do prawid\u0142owej wymowy tej g\u0142oski. Dodatkowo podczas zabawy \u201e\u015aniadanie\u201d dzieci b\u0119d\u0105 nie tylko utrwala\u0107 g\u0142osk\u0119 \u015b w wyrazach, ale r\u00f3wnie\u017c b\u0119d\u0105 \u0107wiczy\u0107 swoj\u0105 spostrzegawczo\u015b\u0107.<\/span>[\/vc_column_text][vc_video link=&#8221;https:\/\/www.youtube.com\/watch?v=-Q0NH3bHMME&amp;feature=youtu.be&#8221; el_width=&#8221;40&#8243; align=&#8221;center&#8221; title=&#8221;\u0106wiczenia logopedyczne \u2013 g\u0142oska \u015b&#8221;][vc_empty_space height=&#8221;12px&#8221;][\/vc_column][\/vc_row][vc_row][vc_column][vc_column_text]<span style=\"font-size: 14pt;\"><strong><span style=\"font-size: 18pt;\">23. <\/span><\/strong>G\u0142oski sz, \u017c\/rz, cz \u2013 \u0107wiczenia logopedyczne dla starszak\u00f3w, podczas kt\u00f3rych dzieci utrwal\u0105 prawid\u0142ow\u0105 wymow\u0119 tych g\u0142osek w wyra\u017ceniach dwuwyrazowych oraz zdaniach. W zabawie \u201eZiarenka\u201d utrwal\u0105 prawid\u0142owy tor oddechowy oraz prze\u0107wicz\u0105 motoryk\u0119 ma\u0142\u0105.<\/span>[\/vc_column_text][vc_video link=&#8221;https:\/\/www.youtube.com\/watch?v=R3bUlYq_luc&amp;feature=youtu.be&#8221; el_width=&#8221;40&#8243; align=&#8221;center&#8221; title=&#8221;\u0106wiczenia logopedyczne \u2013 g\u0142oski sz, \u017c\/rz, cz&#8221;][vc_empty_space height=&#8221;12px&#8221;][\/vc_column][\/vc_row][vc_row][vc_column][vc_column_text]<span style=\"font-size: 14pt;\"><strong><span style=\"font-size: 18pt;\">22. <\/span><\/strong>Zabawy s\u0142uchowe i nie tylko\u2026 to propozycja zabaw logopedycznych dla wszystkich dzieci, podczas kt\u00f3rych przedszkolaki b\u0119d\u0105 rozwija\u0107 s\u0142uch fonematyczny, a tak\u017ce usprawnia\u0107 swoje bu\u017aki.<\/span>[\/vc_column_text][vc_video link=&#8221;https:\/\/www.youtube.com\/watch?v=FeGmeIJ9whA&amp;feature=youtu.be&#8221; el_width=&#8221;40&#8243; align=&#8221;center&#8221; title=&#8221;Zabawy s\u0142uchowe i nie tylko&#8221;][vc_empty_space height=&#8221;12px&#8221;][\/vc_column][\/vc_row][vc_row][vc_column][vc_column_text]<span style=\"font-size: 14pt;\"><strong><span style=\"font-size: 18pt;\">21. <\/span><\/strong><span style=\"font-size: 18pt;\"><span style=\"font-size: 14pt;\">Przygoda w\u0119\u017ca Syczka \u2013 \u0107wiczenia logopedyczne usprawniaj\u0105ce aparat artykulacyjny oraz utrwalaj\u0105ce prawid\u0142ow\u0105 realizacj\u0119 g\u0142oski&nbsp;s. \u0106wiczenia przeznaczone s\u0105 dla wszystkich przedszkolak\u00f3w.<\/span><\/span><\/span>[\/vc_column_text][vc_video link=&#8221;https:\/\/www.youtube.com\/watch?v=jhJz19W4Qxs&amp;feature=youtu.be&#8221; el_width=&#8221;40&#8243; align=&#8221;center&#8221; title=&#8221;Przygoda w\u0119\u017ca Syczka&#8221;][vc_empty_space height=&#8221;12px&#8221;][\/vc_column][\/vc_row][vc_row][vc_column][vc_column_text]<span style=\"font-size: 14pt;\"><strong><span style=\"font-size: 18pt;\">20. <\/span><\/strong><span style=\"font-size: 18pt;\"><span style=\"font-size: 14pt;\">R\u00f3\u017cnicowanie g\u0142osek&nbsp;l&nbsp;i&nbsp;r&nbsp;to \u0107wiczenia logopedyczne dla dzieci, kt\u00f3re ju\u017c prawid\u0142owo wymawiaj\u0105 g\u0142osk\u0119 r, ale trudno\u015b\u0107 sprawia im \u0142\u0105czenie jej z g\u0142osk\u0105 l w wyrazach. Dodatkowo dzieci spionizuj\u0105 sw\u00f3j j\u0119zyk podczas bajki logopedycznej \u201eBaca i Siwek\u201d<\/span><\/span><\/span>[\/vc_column_text][vc_video link=&#8221;https:\/\/www.youtube.com\/watch?v=kTzKWt2NGQ0&amp;feature=youtu.be&#8221; el_width=&#8221;40&#8243; align=&#8221;center&#8221; title=&#8221;R\u00f3\u017cnicowanie g\u0142osek l i r&#8221;][vc_empty_space height=&#8221;12px&#8221;][\/vc_column][\/vc_row][vc_row][vc_column][vc_column_text]<span style=\"font-size: 14pt;\"><strong><span style=\"font-size: 18pt;\">19. <\/span><\/strong><span style=\"font-size: 18pt;\"><span style=\"font-size: 14pt;\">G\u0142oska&nbsp;c&nbsp;\u2013 tym razem dzieci z wszystkich grup wiekowych mog\u0105 utrwali\u0107 prawid\u0142ow\u0105 wymow\u0119 tej g\u0142oski w sylabach, wyrazach i zdaniach oraz usprawni\u0107 sw\u00f3j aparat artykulacyjny \u0107wicz\u0105c z ksi\u0119\u017cniczk\u0105 i rycerzem.<\/span><\/span><\/span>[\/vc_column_text][vc_video link=&#8221;https:\/\/www.youtube.com\/watch?v=VaGxXLFtAv8&amp;feature=youtu.be&#8221; el_width=&#8221;40&#8243; align=&#8221;center&#8221; title=&#8221;\u0106wiczenia logopedyczne \u2013 g\u0142oska c&#8221;][vc_empty_space height=&#8221;12px&#8221;][\/vc_column][\/vc_row][vc_row][vc_column][vc_column_text]<span style=\"font-size: 14pt;\"><strong><span style=\"font-size: 18pt;\">18. <\/span><\/strong>G\u0142oska z \u2013 \u0107wiczenia logopedyczne przygotowane dla wszystkich grup wiekowych. Poza utrwalaniem prawid\u0142owej wymowy g\u0142oski z w izolacji, sylabach, wyrazach i zdaniach, dzieci r\u00f3wnie\u017c usprawni\u0105 sw\u00f3j aparat artykulacyjny podczas zabawy z rycerzem i ksi\u0119\u017cniczk\u0105.<\/span>[\/vc_column_text][vc_video link=&#8221;https:\/\/www.youtube.com\/watch?v=7JZ6hgHPprs&amp;feature=youtu.be&amp;fbclid=IwAR0r_AcP3Rv5Pk0T6GgNKZM9H5MSFj1erEZYyaP_iaqoy7LlX3UMNQ5aAis&#8221; el_width=&#8221;40&#8243; align=&#8221;center&#8221; title=&#8221;\u0106wiczenia logopedyczne \u2013 g\u0142oska z&#8221;][vc_empty_space height=&#8221;12px&#8221;][\/vc_column][\/vc_row][vc_row][vc_column][vc_column_text]<span style=\"font-size: 14pt;\"><strong><span style=\"font-size: 18pt;\">17. <\/span><\/strong>G\u0142oska r \u2013 \u0107wiczenia logopedyczne przeznaczone dla 5- i 6-latk\u00f3w. Tym razem g\u0142oska ta b\u0119dzie \u0107wiczona po sp\u00f3\u0142g\u0142oskach b i p w sylabach i wyrazach. Podczas bajki logopedycznej \u201eBaca i Siwek\u201d dzieci usprawni\u0105 sw\u00f3j aparat artykulacyjny<strong><span style=\"font-size: 18pt;\">.<\/span><\/strong><\/span>[\/vc_column_text][vc_video link=&#8221;https:\/\/www.youtube.com\/watch?v=9-_u4BplSlc&amp;feature=youtu.be&amp;fbclid=IwAR1rVJlHeWeofX229OQVYzVEfY58W-SvKvZzkIitPxCYNECZCqVatk51U10&#8243; el_width=&#8221;40&#8243; align=&#8221;center&#8221; title=&#8221;\u0106wiczenia logopedyczne \u2013 g\u0142oska r&#8221;][vc_empty_space height=&#8221;12px&#8221;][\/vc_column][\/vc_row][vc_row][vc_column][vc_column_text]<span style=\"font-size: 14pt;\"><strong><span style=\"font-size: 18pt;\">16. <\/span><\/strong>G\u0142oska \u015b \u2013 \u0107wiczenia logopedyczne dla przedszkolak\u00f3w z wszystkich grup wiekowych. Podczas otwierania tajemniczych kopert dzieci, wraz z logoped\u0105, wykonuj\u0105 zadania w nich zawarte. Maj\u0105 mo\u017cliwo\u015b\u0107 usprawni\u0107 sw\u00f3j aparat artykulacyjny, prawid\u0142owo wypowiedzie\u0107 g\u0142osk\u0119 \u015b w izolacji, sylabach, wyrazach, we wyra\u017ceniach dwuwyrazowych i zdaniach.<\/span>[\/vc_column_text][vc_video link=&#8221;https:\/\/www.youtube.com\/watch?v=2cJeBvVQ7Sw&amp;feature=youtu.be&#8221; el_width=&#8221;40&#8243; align=&#8221;center&#8221; title=&#8221;\u0106wiczenia logopedyczne \u2013 g\u0142oska \u015b&#8221;][vc_empty_space height=&#8221;12px&#8221;][\/vc_column][\/vc_row][vc_row][vc_column][vc_column_text]<span style=\"font-size: 14pt;\"><strong><span style=\"font-size: 18pt;\">15. <\/span><\/strong>R\u00f3\u017cnicowanie g\u0142osek c i cz to zadania przeznaczone dla dzieci, kt\u00f3re ju\u017c te g\u0142oski wypowiadaj\u0105 prawid\u0142owo, ale maj\u0105 problem z prawid\u0142owym ich wypowiedzeniem podczas wyst\u0119powania obu tych g\u0142osek.<\/span>[\/vc_column_text][vc_video link=&#8221;https:\/\/www.youtube.com\/watch?v=2cJeBvVQ7Sw&amp;feature=youtu.be&#8221; el_width=&#8221;40&#8243; align=&#8221;center&#8221; title=&#8221;\u0106wiczenia logopedyczne &#8211; r\u00f3\u017cnicowanie g\u0142osek c i cz&#8221;][vc_empty_space height=&#8221;12px&#8221;][\/vc_column][\/vc_row][vc_row][vc_column][vc_column_text]<span style=\"font-size: 14pt;\"><strong><span style=\"font-size: 18pt;\">14. <\/span><\/strong>G\u0142oska \u017c\/rz \u2013 \u0107wiczenia logopedyczne przeznaczone dla starszak\u00f3w. Dzieci, poza usprawnianiem aparatu artykulacyjnego, b\u0119d\u0119 mia\u0142y mo\u017cliwo\u015b\u0107 utrwali\u0107 prawid\u0142ow\u0105 realizacj\u0119 g\u0142oski \u017c\/rz w wyrazach, wyra\u017ceniach i zdaniach.<\/span>[\/vc_column_text][vc_video link=&#8221;https:\/\/www.youtube.com\/watch?v=vXXi90WklGA&amp;feature=youtu.be&#8221; el_width=&#8221;40&#8243; align=&#8221;center&#8221; title=&#8221;\u0106wiczenia logopedyczne &#8211; g\u0142oska \u017c\/rz&#8221;][vc_empty_space height=&#8221;12px&#8221;][\/vc_column][\/vc_row][vc_row][vc_column][vc_column_text]<span style=\"font-size: 14pt;\"><strong><span style=\"font-size: 18pt;\">13. <\/span><\/strong>G\u0142oski w i f \u2013 \u0107wiczenia logopedyczne dla m\u0142odszych dzieci, kt\u00f3rym trudno\u015bci w wymawianiu sprawiaj\u0105 dwie g\u0142oski: w i f. Wraz z logoped\u0105 b\u0119d\u0105 mogli przygotowa\u0107 swoj\u0105 bu\u017ak\u0119 do prawid\u0142owej realizacji tych g\u0142osek, a tak\u017ce po\u0107wiczy\u0107 je w izolacji oraz nag\u0142osie sylab i wyraz\u00f3w.<\/span>[\/vc_column_text][vc_video link=&#8221;https:\/\/www.youtube.com\/watch?v=tJfNwT1Dy_0&amp;feature=youtu.be&#8221; el_width=&#8221;40&#8243; align=&#8221;center&#8221; title=&#8221;\u0106wiczenia logopedyczne &#8211; g\u0142oski w i f&#8221;][vc_empty_space height=&#8221;12px&#8221;][\/vc_column][\/vc_row][vc_row][vc_column][vc_column_text]<span style=\"font-size: 14pt;\"><strong><span style=\"font-size: 18pt;\">12. <\/span><\/strong>G\u0142oska R \u2013 propozycja \u0107wicze\u0144 dla dzieci 5- i 6-letnich, kt\u00f3re jeszcze nie opanowa\u0142y prawid\u0142owej wymowy najtrudniejszej w realizacji g\u0142oski. Podczas zabaw z wiewi\u00f3rk\u0105 dzieci b\u0119d\u0105 usprawnia\u0107 aparat artykulacyjny, b\u0119d\u0105 r\u00f3wnie\u017c \u0107wiczy\u0107 g\u0142osk\u0119 r po sp\u00f3\u0142g\u0142oskach t i d w sylabach, wyrazach i wierszyku.<\/span>[\/vc_column_text][vc_video link=&#8221;https:\/\/www.youtube.com\/watch?v=60Ie8nJ3zxA&amp;feature=youtu.be&#8221; el_width=&#8221;40&#8243; align=&#8221;center&#8221; title=&#8221;\u0106wiczenia logopedyczne &#8211; g\u0142oska r&#8221;][vc_empty_space height=&#8221;12px&#8221;][\/vc_column][\/vc_row][vc_row][vc_column][vc_column_text]<span style=\"font-size: 14pt;\"><strong><span style=\"font-size: 18pt;\">11. <\/span><\/strong>Zabawy z ptaszkami to propozycja zaj\u0119\u0107 logopedycznych dla dzieci, kt\u00f3re maj\u0105 trudno\u015bci z prawid\u0142ow\u0105 wymow\u0105 g\u0142osek k i g. Podczas zabaw z logoped\u0105 dzieci b\u0119d\u0105 usprawnia\u0107 swoj\u0105 bu\u017ak\u0119, utrwala\u0107 prawid\u0142owy tor oddechowy a tak\u017ce \u0107wiczy\u0107 obie g\u0142oski podczas zabaw artykulacyjnych.<\/span>[\/vc_column_text][vc_video link=&#8221;https:\/\/www.youtube.com\/watch?v=Vm&#8211;02Gi3pw&amp;feature=youtu.be&#8221; el_width=&#8221;40&#8243; align=&#8221;center&#8221; title=&#8221;Zabawy z ptaszkami&#8221;][vc_empty_space height=&#8221;12px&#8221;][\/vc_column][\/vc_row][vc_row][vc_column][vc_column_text]<span style=\"font-size: 14pt;\"><strong><span style=\"font-size: 18pt;\">10. <\/span><\/strong>\u201eZabawy z pupilami\u201d to kolejna porcja zabaw z logoped\u0105 dla najm\u0142odszych przedszkolak\u00f3w (3-, 4-latk\u00f3w). Wraz z pieskiem b\u0119d\u0105 usprawnia\u0107 sw\u00f3j aparat artykulacyjny, a podczas bajki artykulacyjnej dzieci b\u0119d\u0105 kszta\u0142towa\u0107 prawid\u0142ow\u0105 emisj\u0119 g\u0142osu.<\/span>[\/vc_column_text][vc_video link=&#8221;https:\/\/www.youtube.com\/watch?v=eiUnchJjQio&#8221; el_width=&#8221;40&#8243; align=&#8221;center&#8221; title=&#8221;\u0106wiczenia logopedyczne &#8211; zabawy z pupilami&#8221;][vc_empty_space height=&#8221;12px&#8221;][\/vc_column][\/vc_row][vc_row][vc_column][vc_column_text]<span style=\"font-size: 14pt;\"><strong><span style=\"font-size: 18pt;\">9. <\/span><\/strong>Tym razem co\u015b dla starszak\u00f3w (dzieci 5- i 6-letnie). Wraz z logoped\u0105 dzieci usprawni\u0105 sw\u00f3j aparat artykulacyjny, utrwal\u0105 sobie prawid\u0142ow\u0105 wymow\u0119 g\u0142osek s i sz oraz b\u0119d\u0105 te g\u0142oski r\u00f3\u017cnicowa\u0107, co wcale nie b\u0119dzie takim prostym zadaniem. Powodzenia!<\/span>[\/vc_column_text][vc_video link=&#8221;https:\/\/www.youtube.com\/watch?v=d_r_eFAoxug&#8221; el_width=&#8221;40&#8243; align=&#8221;center&#8221; title=&#8221;\u0106wiczenia logopedyczne &#8211; r\u00f3\u017cnicowanie g\u0142osek s-sz&#8221;][vc_empty_space height=&#8221;12px&#8221;][\/vc_column][\/vc_row][vc_row][vc_column][vc_column_text]<span style=\"font-size: 14pt;\"><strong><span style=\"font-size: 18pt;\">8. <\/span><\/strong>Zapraszam do \u0107wicze\u0144 z logoped\u0105 m\u0142odsze przedszkolaki. Podczas \u201eZabaw z samog\u0142oskami\u201d dzieci utrwal\u0105 sobie prawid\u0142ow\u0105 wymow\u0119 samog\u0142osek ustnych (a, o, e, u, i, y), a tak\u017ce usprawni\u0105 tor oddechowy.<\/span>[\/vc_column_text][vc_video link=&#8221;https:\/\/www.youtube.com\/watch?v=Yqgl0qsM4wE&amp;t=26s&#8221; el_width=&#8221;40&#8243; align=&#8221;center&#8221; title=&#8221;Zabawy z samog\u0142oskami&#8221;][vc_empty_space height=&#8221;12px&#8221;][\/vc_column][\/vc_row][vc_row][vc_column][vc_column_text]<span style=\"font-size: 14pt;\"><strong><span style=\"font-size: 18pt;\">7. <\/span><\/strong>Kolejna propozycja zabaw z logoped\u0105 jest przeznaczona dla wszystkich dzieci. Tym razem przedszkolaki b\u0119d\u0105 utrwala\u0107 prawid\u0142ow\u0105 wymow\u0119 g\u0142osek s, z, i c wraz ze zwierz\u0105tkami i kosmitami.<\/span>[\/vc_column_text][vc_video link=&#8221;https:\/\/www.youtube.com\/watch?v=TOukqSS1h10&#8243; el_width=&#8221;40&#8243; align=&#8221;center&#8221; title=&#8221;\u0106wiczenia logopedyczne &#8211; g\u0142oski s, z i c&#8221;][vc_empty_space height=&#8221;12px&#8221;][\/vc_column][\/vc_row][vc_row][vc_column][vc_column_text]<span style=\"font-size: 14pt;\"><strong><span style=\"font-size: 18pt;\">6. <\/span><\/strong>Kolejna propozycja zabaw z logoped\u0105 dla wszystkich przedszkolak\u00f3w. Poza usprawnianiem aparatu artykulacyjnego, dzieci utrwalaj\u0105 prawid\u0142ow\u0105 wymow\u0119 g\u0142oski s.<\/span>[\/vc_column_text][vc_video link=&#8221;https:\/\/www.youtube.com\/watch?v=yxD_5Gq7WiQ&amp;feature=youtu.be&amp;fbclid=IwAR3kA2Ds2MIaFQEE_wnWhd-g5TQWiLXbD5zA3RpE5jbJJXNEsAXbOYZGerE&#8221; el_width=&#8221;40&#8243; align=&#8221;center&#8221; title=&#8221;\u0106wiczenia logopedyczne &#8211; g\u0142oska s&#8221;][vc_empty_space height=&#8221;12px&#8221;][\/vc_column][\/vc_row][vc_row][vc_column][vc_column_text]<span style=\"font-size: 14pt;\"><strong><span style=\"font-size: 18pt;\">5. <\/span><\/strong>Film przeznaczony dla dzieci 5-, 6- letnich. Jego celem jest usprawnienie aparatu artykulacyjnego a tak\u017ce utrwalenie prawid\u0142owej wymowy g\u0142osek z i \u017c\/rz oraz ich r\u00f3\u017cnicowanie.<\/span>[\/vc_column_text][vc_video link=&#8221;https:\/\/www.youtube.com\/watch?v=p-Sbziwaxyo&amp;feature=youtu.be&amp;fbclid=IwAR1viMD2Z4CuVaJAJbbKCPbMwKgrpVV8w0bppCRVdowffG3ons1kkTAwOik&#8221; el_width=&#8221;40&#8243; align=&#8221;center&#8221; title=&#8221;\u0106wiczenia logopedyczne &#8211; g\u0142oski z i rz\/\u017c&#8221;][vc_empty_space height=&#8221;12px&#8221;][\/vc_column][\/vc_row][vc_row][vc_column][vc_column_text]<span style=\"font-size: 14pt;\"><strong><span style=\"font-size: 18pt;\">4. <\/span><\/strong>Kolejna propozycja wsp\u00f3lnych \u0107wicze\u0144 z rodzicami lub rodze\u0144stwem na zabicie domowej nudy, a przy okazji \u015bwietne \u0107wiczenia na regulowanie prawid\u0142owego toru oddechowego.<\/span>[\/vc_column_text][vc_video link=&#8221;https:\/\/www.youtube.com\/watch?v=eswAS6hxOKk&amp;feature=youtu.be&#8221; el_width=&#8221;40&#8243; align=&#8221;center&#8221; title=&#8221;Zabawy oddechowe&#8221;][vc_empty_space height=&#8221;12px&#8221;][\/vc_column][\/vc_row][vc_row][vc_column][vc_column_text]<span style=\"font-size: 14pt;\"><strong><span style=\"font-size: 18pt;\">3. <\/span><\/strong>Nast\u0119pny film przeznaczony jest dla wszystkich przedszkolak\u00f3w i podczas wykonywania \u0107wicze\u0144 zamieszczonych w filmie dziecko usprawnia aparat artykulacyjny, uk\u0142ad oddechowy oraz s\u0142uch fonematyczny.<\/span>[\/vc_column_text][vc_video link=&#8221;https:\/\/www.youtube.com\/watch?v=-ysA8R9oG60&amp;feature=youtu.be&#8221; el_width=&#8221;40&#8243; align=&#8221;center&#8221; title=&#8221;Wiosenne \u0107wiczenia logopedyczne&#8221;][vc_empty_space height=&#8221;12px&#8221;][\/vc_column][\/vc_row][vc_row][vc_column][vc_column_text]<span style=\"font-size: 14pt;\"><strong><span style=\"font-size: 18pt;\">2. <\/span><\/strong>Drugi jest przeznaczony dla dzieci m\u0142odszych (ale starsze te\u017c jak najbardziej mog\u0105 przy tym \u0107wiczy\u0107) a jego g\u0142\u00f3wnym celem jest usprawnianie aparatu artykulacyjnego.<\/span>[\/vc_column_text][vc_video link=&#8221;https:\/\/www.youtube.com\/watch?v=kASXIn4P_HY&amp;feature=youtu.be&#8221; el_width=&#8221;40&#8243; align=&#8221;center&#8221; title=&#8221;Sportowy dzie\u0144 Bolka i Lolka&#8221;][vc_empty_space height=&#8221;12px&#8221;][\/vc_column][\/vc_row][vc_row][vc_column][vc_column_text]<span style=\"font-size: 14pt;\"><strong><span style=\"font-size: 18pt;\">1. <\/span><\/strong>Pierwszy film przeznaczony jest dla 5- i 6- latk\u00f3w. Jego g\u0142\u00f3wnym celem jest pionizacja j\u0119zyka oraz utrwalanie prawid\u0142owej wymowy g\u0142osek l, t i sz.<\/span>[\/vc_column_text][vc_video link=&#8221;https:\/\/www.youtube.com\/watch?v=Xw-1TWHXY6E&amp;feature=youtu.be&#8221; el_width=&#8221;40&#8243; align=&#8221;center&#8221; title=&#8221;Zabawy z motylami&#8221;][vc_empty_space height=&#8221;12px&#8221;][\/vc_column][\/vc_row]<\/p>\n<\/div>","protected":false},"excerpt":{"rendered":"<p>[vc_row][vc_column][vc_column_text] Witam wszystkich rodzic\u00f3w i dzieci z naszego przedszkola. Zach\u0119cam do wsp\u00f3lnych \u0107wicze\u0144 w domu. \u017bycz\u0119 przyjemnej zabawy &nbsp; logopeda \u2013 Ma\u0142gorzata \u0141uszczy\u0144ska &nbsp;[\/vc_column_text][vc_empty_space height=&#8221;10px&#8221;][\/vc_column][\/vc_row][vc_row][vc_column][vc_column_text]25. G\u0142oska&nbsp;l&nbsp;\u2013 \u0107wiczenia logopedyczne dla wszystkich [&hellip;]<\/p>\n","protected":false},"author":72,"featured_media":0,"parent":0,"menu_order":0,"comment_status":"closed","ping_status":"closed","template":"","meta":{"ngg_post_thumbnail":0,"footnotes":""},"class_list":["post-230","page","type-page","status-publish","hentry","clearfix"],"_links":{"self":[{"href":"https:\/\/przedszkole107.edu.wroclaw.pl\/index.php\/wp-json\/wp\/v2\/pages\/230","targetHints":{"allow":["GET"]}}],"collection":[{"href":"https:\/\/przedszkole107.edu.wroclaw.pl\/index.php\/wp-json\/wp\/v2\/pages"}],"about":[{"href":"https:\/\/przedszkole107.edu.wroclaw.pl\/index.php\/wp-json\/wp\/v2\/types\/page"}],"author":[{"embeddable":true,"href":"https:\/\/przedszkole107.edu.wroclaw.pl\/index.php\/wp-json\/wp\/v2\/users\/72"}],"replies":[{"embeddable":true,"href":"https:\/\/przedszkole107.edu.wroclaw.pl\/index.php\/wp-json\/wp\/v2\/comments?post=230"}],"version-history":[{"count":31,"href":"https:\/\/przedszkole107.edu.wroclaw.pl\/index.php\/wp-json\/wp\/v2\/pages\/230\/revisions"}],"predecessor-version":[{"id":262,"href":"https:\/\/przedszkole107.edu.wroclaw.pl\/index.php\/wp-json\/wp\/v2\/pages\/230\/revisions\/262"}],"wp:attachment":[{"href":"https:\/\/przedszkole107.edu.wroclaw.pl\/index.php\/wp-json\/wp\/v2\/media?parent=230"}],"curies":[{"name":"wp","href":"https:\/\/api.w.org\/{rel}","templated":true}]}}