
{"id":220,"date":"2020-10-29T13:35:20","date_gmt":"2020-10-29T12:35:20","guid":{"rendered":"https:\/\/przedszkole107.edu.wroclaw.pl\/?page_id=220"},"modified":"2020-10-29T13:35:20","modified_gmt":"2020-10-29T12:35:20","slug":"gry","status":"publish","type":"page","link":"https:\/\/przedszkole107.edu.wroclaw.pl\/index.php\/gry\/","title":{"rendered":"Gry"},"content":{"rendered":"<div class=\"wpb-content-wrapper\"><p>[vc_row][vc_column][vc_column_text]<span style=\"font-size: 14pt;\">&#8222;Listy&#8221;<\/span><\/p>\n<p><span style=\"font-size: 14pt;\"><a href=\"https:\/\/przedszkole107.edu.wroclaw.pl\/wp-content\/uploads\/sites\/46\/2020\/10\/20_07_LISTY-gra-logopedyczna.pdf\" target=\"_blank\" rel=\"noopener noreferrer\">LISTY &#8211; gra logopedyczna &#8211; dokument w formacie pdf<\/a> <\/span><\/p>\n<p><span style=\"font-size: 14pt;\"><a href=\"https:\/\/przedszkole107.edu.wroclaw.pl\/wp-content\/uploads\/sites\/46\/2020\/10\/20_07_Listy-skrzynka-pocztowa.pdf\" target=\"_blank\" rel=\"noopener noreferrer\">Listy &#8211; skrzynka pocztowa &#8211; dokument w formacie pdf<\/a><\/span><\/p>\n<p><span style=\"font-size: 14pt;\"><a href=\"https:\/\/przedszkole107.edu.wroclaw.pl\/wp-content\/uploads\/sites\/46\/2020\/10\/20_07_Listy-cz.-1.pdf\" target=\"_blank\" rel=\"noopener noreferrer\">Listy cz. 1 &#8211; dokument w formacie pdf<\/a><\/span><\/p>\n<p><span style=\"font-size: 14pt;\"><a href=\"https:\/\/przedszkole107.edu.wroclaw.pl\/wp-content\/uploads\/sites\/46\/2020\/10\/20_07_Listy-cz.-2.pdf\" target=\"_blank\" rel=\"noopener noreferrer\">Listy cz. 2 &#8211; dokument w formacie pdf<\/a><\/span><\/p>\n<p><span style=\"font-size: 14pt;\"><a href=\"https:\/\/przedszkole107.edu.wroclaw.pl\/wp-content\/uploads\/sites\/46\/2020\/10\/20_07_Listy-cz.-3.pdf\" target=\"_blank\" rel=\"noopener noreferrer\">Listy cz. 3 &#8211; dokument w formacie pdf<\/a><\/span>[\/vc_column_text][vc_empty_space height=&#8221;8px&#8221;][\/vc_column][\/vc_row][vc_row][vc_column][vc_column_text]<span style=\"font-size: 14pt;\">&#8222;Szumi\u0105ce pude\u0142ka&#8221;<\/span><\/p>\n<p><span style=\"font-size: 14pt;\"><a href=\"https:\/\/przedszkole107.edu.wroclaw.pl\/wp-content\/uploads\/sites\/46\/2020\/10\/1_gra_szumiace-pudelka.pdf\" target=\"_blank\" rel=\"noopener noreferrer\">Szumi\u0105ce pude\u0142ka &#8211; gra kszta\u0142tuj\u0105ca s\u0142uch fonemowy &#8211; dokument w formacie pdf<\/a><\/span><\/p>\n<p>&nbsp;<\/p>\n<p><span style=\"font-size: 14pt;\">&#8222;Gimnastyka buzi i j\u0119zyka&#8221;<\/span><\/p>\n<p><span style=\"font-size: 14pt;\"><a href=\"https:\/\/przedszkole107.edu.wroclaw.pl\/wp-content\/uploads\/sites\/46\/2020\/10\/1_gra_gimnastyka-buzi-i-jezyka-na-planszy.pdf\" target=\"_blank\" rel=\"noopener noreferrer\">Gimnastyka buzi i j\u0119zyka na planszy &#8211; dokument w formacie pdf<\/a><\/span>[\/vc_column_text][vc_empty_space height=&#8221;8px&#8221;][\/vc_column][\/vc_row]<\/p>\n<\/div>","protected":false},"excerpt":{"rendered":"<p>[vc_row][vc_column][vc_column_text]&#8222;Listy&#8221; LISTY &#8211; gra logopedyczna &#8211; dokument w formacie pdf Listy &#8211; skrzynka pocztowa &#8211; dokument w formacie pdf Listy cz. 1 &#8211; dokument w formacie pdf Listy cz. 2 [&hellip;]<\/p>\n","protected":false},"author":72,"featured_media":0,"parent":0,"menu_order":0,"comment_status":"closed","ping_status":"closed","template":"","meta":{"ngg_post_thumbnail":0,"footnotes":""},"class_list":["post-220","page","type-page","status-publish","hentry","clearfix"],"_links":{"self":[{"href":"https:\/\/przedszkole107.edu.wroclaw.pl\/index.php\/wp-json\/wp\/v2\/pages\/220","targetHints":{"allow":["GET"]}}],"collection":[{"href":"https:\/\/przedszkole107.edu.wroclaw.pl\/index.php\/wp-json\/wp\/v2\/pages"}],"about":[{"href":"https:\/\/przedszkole107.edu.wroclaw.pl\/index.php\/wp-json\/wp\/v2\/types\/page"}],"author":[{"embeddable":true,"href":"https:\/\/przedszkole107.edu.wroclaw.pl\/index.php\/wp-json\/wp\/v2\/users\/72"}],"replies":[{"embeddable":true,"href":"https:\/\/przedszkole107.edu.wroclaw.pl\/index.php\/wp-json\/wp\/v2\/comments?post=220"}],"version-history":[{"count":1,"href":"https:\/\/przedszkole107.edu.wroclaw.pl\/index.php\/wp-json\/wp\/v2\/pages\/220\/revisions"}],"predecessor-version":[{"id":228,"href":"https:\/\/przedszkole107.edu.wroclaw.pl\/index.php\/wp-json\/wp\/v2\/pages\/220\/revisions\/228"}],"wp:attachment":[{"href":"https:\/\/przedszkole107.edu.wroclaw.pl\/index.php\/wp-json\/wp\/v2\/media?parent=220"}],"curies":[{"name":"wp","href":"https:\/\/api.w.org\/{rel}","templated":true}]}}